common divisor of c and 18.
9
Let y(d) = 4*d**2 + 43*d + 28. Let l be y(-12). Let s be ((4 - 1) + -13)*-2. Let p = -9 + s. What is the highest common divisor of p and l?
11
Suppose 4*g = 489 + 531. Let b be (0 - g/(-20))*16/2. What is the greatest common divisor of 153 and b?
51
Let s = -2 + 44. Suppose 665*o - 666*o = -s. What is the highest common divisor of o and 189?
21
Let q be (822/(-57))/(36/(-684)). What is the highest common factor of 411 and q?
137
Let n be (-2010)/5 + -3 + 7. Let v = 466 + n. Calculate the greatest common divisor of 34 and v.
34
Suppose 3585*r = 3578*r + 2835. Calculate the highest common factor of r and 576.
9
Suppose -10*r + 681 = -119. Suppose 80 = s - w - 2*w, -4*s + 3*w + 338 = 0. Let c = s - r. Calculate the highest common divisor of 42 and c.
6
Let d be (13 - 14)/(1/11). Let z(k) = -k**3 - 12*k**2 - 14*k - 28. Let m be z(d). Let b = m + -1. Calculate the highest common factor of b and 2.
2
Let x(y) = -y**2 - 14*y + 36. Let m be -7*7/21*3. Let p be x(m). What is the greatest common divisor of p and 1615?
85
Let l be -8 + (-5 - -31) - -1. Suppose 0 = l*v - 210 - 170. Calculate the greatest common factor of v and 12.
4
Suppose -3*m = -5*o + 35, 0*o - 3*m = 4*o - 1. Suppose -30 + 26 = -4*h. What is the highest common factor of o and h?
1
Let v be ((-7)/3)/(1/(-9)). Let c(z) = -244 + 7*z + 1234 - 605. Let s be c(-51). What is the greatest common divisor of v and s?
7
Let r = 8 - 2. Suppose m + 190 = r*m. Suppose -4*j + 1259*t - 1258*t + 374 = 0, -5*t - 255 = -3*j. Calculate the highest common factor of j and m.
19
Let z(k) = 46*k**2 + 682*k - 14. Let h be z(-15). What is the greatest common factor of h and 10812?
106
Suppose 0 = -754*z + 749*z + 5350. Calculate the greatest common factor of 5 and z.
5
Let l(a) = 2*a**3 + 12*a**2 + 2. Let x be l(-6). Let h be x + -2 + -6 + 450. Calculate the greatest common factor of h and 333.
111
Let c be (324/2)/(-1 - -2). Let k be -1 - (-28 - 12)/(2 - 1). Let w = k - 21. What is the highest common divisor of w and c?
18
Suppose 347*b = 122*b + 15525. Let y be (-92)/(-10) + 4/(-20). Calculate the highest common divisor of b and y.
3
Suppose -102*j = -113*j + 220. Calculate the highest common divisor of 1590 and j.
10
Suppose 7 - 4 = -3*x. Let c(a) = 429*a**2 - 4*a - 4. Let p be c(x). Let r be (-2)/((-860)/p - -2). Calculate the greatest common factor of 39 and r.
39
Let y(g) = -g**2 - 12*g - 14. Suppose -3*a = -b + 35 - 9, a = -b - 10. Let h be y(a). Let d be 93 - (1 + 1)/1. What is the highest common factor of d and h?
13
Let y(s) = -2*s**3 + 10*s**2 - 7*s + 56. Let a be y(5). Calculate the greatest common factor of 16947 and a.
21
Let t(n) = 27*n**3 + n**2 - n - 1. Let d be t(-1). Let q = -18 - d. What is the highest common divisor of q and 56?
8
Let g = -190 + 224. Suppose 2*v + y = 99, -3*v = -0*v - y - 161. Let k = v - g. Calculate the greatest common factor of k and 3.
3
Let i be (-270)/4*(10 + -6)/(6 + -7). Calculate the greatest common factor of 1755 and i.
135
Let g be (-16527)/(-1574)*(-1 + (-19)/(-3)). What is the greatest common divisor of g and 2240?
56
Let s(n) = n**3 + 111*n**2 + 165*n + 1288. Let p be s(-109). What is the greatest common factor of 30 and p?
15
Let q be 140/(-15)*(-117)/(-6). Let o = q + 95. Let h = 114 + o. What is the greatest common factor of h and 27?
27
Let n(p) = 19*p - 10*p + p**2 - p - 1 - 9*p. Let u be n(4). Let v be (10/(-3))/(5/((-495)/6)). Calculate the highest common factor of v and u.
11
Suppose -4 = -6*j - 88. Let p be (-81)/(-6)*(-2 - j). What is the highest common divisor of p and 18?
18
Suppose -31*a = -25*a - 18. Suppose 0 = -4*m - 4*d + 620, -4*d - 157 - 287 = -a*m. Calculate the highest common divisor of m and 8.
8
Let s be 6/(-2) + -35 + 1160. What is the greatest common divisor of 85 and s?
17
Let p = 12301 - 3525. Calculate the highest common factor of 8 and p.
8
Suppose 0 = 2*q - 667 - 963. Suppose q = 17*i - 409. Calculate the greatest common factor of 90 and i.
18
Suppose 2*d + 10*d = 3*d + 74196. What is the greatest common divisor of d and 36?
36
Suppose 31*a - 4 - 58 = 0. Suppose -3*m = a*b - 2*m - 147, 4*m = -12. Calculate the highest common factor of b and 175.
25
Suppose -4*q - 38 = 186. Let r be 15/(-18) + 383/6. Let c = r + q. What is the highest common factor of 63 and c?
7
Suppose 0 = 82*s - 112*s + 540. What is the highest common factor of s and 858?
6
Let s(i) = -35*i + 748. Let w be s(20). Calculate the greatest common divisor of w and 1944.
24
Suppose -62 = -k - 4*y, -98*k = -101*k + y + 238. Calculate the highest common factor of 30 and k.
6
Let h be 3*2 + (479 - 313). What is the highest common factor of h and 52?
4
Let z(b) = 3*b**2 - b + 2. Let x be z(-1). Suppose -c - 2*y = -x, -3*c + 0*y - 2*y = -26. What is the greatest common divisor of c and 5?
5
Suppose -71 = -9*n + 91. Suppose 0 = -7*d + d + n. Calculate the greatest common factor of 12 and d.
3
Let q be (1/(-2) - -2) + 18/(-4). Let p be 1 + (-3 - (q - (0 + 3))). Let x be 0/((-16)/p) - (3 - 26). Calculate the highest common divisor of x and 115.
23
Let o = 181 - 126. Suppose -4*g = 5*j, 0*j + 5*g + 13 = -3*j. Let z be 9 + 0 - 1/((-2)/j). Calculate the highest common factor of o and z.
11
Suppose 2*n + 1 - 5 = 0. Let j be (-3)/(15/(-175))*(-1 - 0). Let g = j - -42. Calculate the highest common divisor of g and n.
1
Suppose 0*h + 5*k - 5 = -2*h, -k - 53 = -5*h. Let w be 12*(5/h + -1 + 5). What is the highest common divisor of 270 and w?
54
Suppose 124*h = 107*h - 198832. Let x be h/(-10) + 176/40 + -4. What is the highest common divisor of x and 90?
90
Let h(u) = 3*u**3 + 29*u - 2*u**2 + u**2 - 30*u. Let p be h(2). Let c = -216 + 234. What is the greatest common factor of p and c?
18
Suppose 0*a - 14 = -2*a. Let u = a - -7. Let q = -1639 + 1709. What is the greatest common factor of q and u?
14
Suppose 0*s + 483 = 3*s. Let n be ((-2)/(-8))/((-47)/(-329)*(-5)/(-20)). What is the highest common divisor of s and n?
7
Let w(k) = k**2 + 9. Let u be w(0). Let o = -5 + u. Suppose -a + o - 3 = 0, 20 = b - 2*a. Calculate the greatest common factor of 66 and b.
22
Suppose -4*s + 2*k = -642, -324 = -5*s - 4*k + 485. Let o(n) = -n**2 - 7*n - 5. Let c be o(-4). What is the greatest common factor of c and s?
7
Suppose -6*j = -16*j + 343826 - 52576. What is the greatest common divisor of j and 125?
125
Let i = -769 + 1638. Let u be ((-3)/1)/((-33)/i). What is the highest common divisor of 711 and u?
79
Let z(d) = -3*d**2 - 591*d - 243. Let y be z(-161). Calculate the greatest common divisor of y and 135.
135
Suppose -5*i = g - 9552, 6*i + 5736 = 9*i - g. What is the highest common divisor of 78 and i?
39
Let z(f) = f + 1. Let k be z(1). Suppose 0 = -10*r + 18 + 102. Suppose 35 = r*y - 25. What is the highest common divisor of y and k?
1
Let q = -8 - -15. Suppose -7*t + 6 + 8 = 0. Let l be t/8 - ((-3)/4 - 0). What is the highest common divisor of q and l?
1
Let o(y) = 3*y**2 - 57*y + 94. Let q be o(23). Calculate the greatest common factor of q and 80.
10
Suppose -23*s + 35 = -28*s. Let v(d) = -3*d + 44. Let b be v(s). What is the greatest common factor of b and 26?
13
Suppose 7*j - 3*j - 184 = 0. Let o = -25 + j. Let u be (-4)/(-7)*(-28)/(-24)*o. What is the highest common factor of 112 and u?
14
Suppose -959 - 73 = -297*h + 254*h. Suppose 0 = -2*z - j + 21, 0 = -2*z + z - 5*j + 33. Calculate the greatest common factor of z and h.
8
Let f be ((-14)/(-21))/((-6)/(-2277)). Suppose 0 = t - 2, -k - t + 1 = -12. What is the greatest common divisor of f and k?
11
Let b(m) = -93 + 7*m - 18*m - 6*m + 0*m. Let s be b(-17). Calculate the highest common divisor of 4 and s.
4
Suppose -46*d = -88*d - 117*d + 2067. Suppose 0 = -4*n - 6*p + p + 1602, -405 = -n + p. What is the highest common factor of d and n?
13
Suppose -f - 152316 = -4*d, 4*f = 3 + 29. What is the highest common divisor of 113 and d?
113
Let r = -220 - -312. Let v = 48 + r. Suppose -8*o + o = -v. What is the highest common factor of o and 30?
10
Let d = 138 - 136. Suppose -d*q - t = 2*t - 32, t = 2. Calculate the highest common factor of q and 26.
13
Let w(g) = -76*g + 10*g**2 - 23*g**2 - 19 + 10*g**2. Let a be w(-25). Calculate the greatest common factor of 30 and a.
6
Suppose 0 = -4*x + 2*t + 392, 7*x 